m = 2*h - 460 - 202. What is the hundreds digit of h?
3
What is the units digit of (-12)/(-8) - (-27)/6?
6
Suppose -a = -5*m - 233, -3*a + 37 = -2*m - 636. What is the tens digit of a?
2
Let o(m) = m**2 + 4*m - 32. What is the units digit of o(-13)?
5
Suppose -5*z + 10 = -4*c - 231, -5*c + 25 = z. Suppose -3*d - 3 + z = 0. What is the tens digit of d?
1
Let f(o) = -3*o + 7. Let z be f(6). Let h = 15 + z. Let b(d) = d**3 - 3*d**2 - 2*d. What is the units digit of b(h)?
8
Let p = -4 + 6. Let j be (-8)/12 + p/(-6). What is the units digit of (-9)/(-3)*j/(-1)?
3
Let g = -14 + 9. Let t(c) = c + 19. Let v be t(-6). Let j = v + g. What is the units digit of j?
8
Let u(m) = m**2 + 12*m + 18. What is the units digit of u(-12)?
8
Suppose 8 + 16 = 2*v. Suppose 4*l = 2*l + v. What is the units digit of l?
6
Suppose -3*m = -3*q + m - 2, 4*q + m = -28. Let v(w) = w**3 + 6*w**2 - w + 4. What is the units digit of v(q)?
0
Let o = 9 - 6. Suppose -g + 0*m - o*m + 1 = 0, -7 = -2*g - m. What is the units digit of g?
4
Let l = 9 - 1. What is the units digit of l?
8
Suppose -2*u + 3*p = 9, 3*u - 4*p = -u - 8. Suppose 4*b + 4*q = 36, 0 = -2*b + q + 21 + u. What is the units digit of b?
1
Suppose -2*v + 2*a + a + 3 = 0, -3*a - 3 = 4*v. Suppose -2*l + 2*t = -0 - 2, v = 3*l - 2*t - 7. What is the units digit of l?
5
Suppose -6 = -3*a - 0. Suppose 3*r = 5*k + 136, -a*r - 2*k + k = -69. What is the units digit of r?
7
Let t(v) = 2*v**2 - 7*v - 2. Suppose 0 = 3*f + 4*q, -5*f - q - 17 = -0*f. Let h be (-2)/(-4)*(6 - f). What is the units digit of t(h)?
3
Let d(a) = 2*a + 23. What is the tens digit of d(12)?
4
Suppose -n + 1 + 3 = 0. Suppose -2*f - 18 = -y, 2*y + 0 = -n*f - 4. What is the units digit of y?
8
Suppose 3*j + 0*j = -12. Let k be j/(-12) - 52/(-6). Let q(x) = -x**3 + 9*x**2 + 4. What is the units digit of q(k)?
4
Let o(j) = j**3 - 4*j**2 + 4*j - 2. Let h = 2 - -1. What is the units digit of o(h)?
1
Let m = -2 + 4. Let y = -1 + m. What is the units digit of y?
1
Suppose 0 = o + 9 - 24. Suppose -15 = -2*v + o. What is the tens digit of v?
1
Let l = 56 + 52. Suppose 0 = 4*q - 4*y + 108, 4*q + 5*y + l = 4*y. What is the units digit of (3*1)/((-9)/q)?
9
Let z be (-2)/(-3)*12 + -2. Suppose -4 = -l - z. What is the units digit of 3 + 3 + l + 1?
5
Suppose 2*m - 5*m + 30 = 0. What is the units digit of m?
0
Let s be ((-9)/(-6))/((-18)/(-48)). Suppose -4*t = -2*r - r + 112, s*r - 162 = -t. What is the units digit of r?
0
Suppose 2*l + d + 1 = 0, 0*l + 1 = 2*l - d. Suppose 2*p - 5*t + 0*t = -1, -3*p + 4*t + 16 = l. What is the units digit of p?
2
Suppose 375 = 3*c + 2*c. Suppose -6*a + c = -a. What is the tens digit of a?
1
Let m be -2*((-2 - 6) + 2). Let x = 14 + -11. Suppose x*l = l + m. What is the units digit of l?
6
Let d = 53 - -130. What is the tens digit of d?
8
Let d(x) = x**2 - 5*x - 2. Let w be d(6). Let c(k) = -w + 11 - k + 2*k. What is the units digit of c(0)?
7
Let m(n) = 6*n + 1. What is the units digit of m(3)?
9
Let n(l) = -l**3 + 5*l**2 + 5*l + 3. Let s be n(6). Let y be (1/2)/(s/(-30)). Suppose 3*t + 0*t + 2*p - 16 = 0, 3*t - y*p = -19. What is the units digit of t?
2
Let l be -1 - (2 + -5)*1. What is the tens digit of 17/l*2 + -2?
1
Suppose 3*s - q = 7*s - 368, -2*s + 170 = 4*q. What is the tens digit of s?
9
Let z = -1 + 5. Let h be 2/(-8) - z/(-16). Suppose -2*c = -2*g + 6, h*g + 3*c - 5 = g. What is the units digit of g?
7
Let l(y) = y**2 + 4*y + 6 - 6*y + 2*y - 4*y. What is the units digit of l(6)?
8
Suppose 0 = 2*u - 3*u + 67. What is the tens digit of u?
6
Suppose -2*f + 2*p = -3*p + 4, -3*f + 44 = 5*p. Let c(r) = -r**2 - 4*r + 1 - 3*r + 15*r + 0*r. What is the units digit of c(f)?
1
Suppose y + 24 = -4*d, 3*y - 6*y + d - 7 = 0. What is the units digit of ((-12)/y)/(-12)*-12?
3
Suppose -48 = -j - 2*j. Suppose 4*o - 56 = j. Suppose -3*k + 3*l + 0*l = -42, 3*k + 5*l - o = 0. What is the units digit of k?
1
Suppose -7*m = -11*m + 636. What is the tens digit of m?
5
Let q(r) = 3*r - 3. Let h(k) = k**2 + 11*k + 15. Let d be h(-10). What is the units digit of q(d)?
2
Let s(n) = -n**2 + 4*n - 2. Let z be s(4). Let a(i) = -2*i + 1. Let f be a(-1). Let k = z + f. What is the units digit of k?
1
Let d(q) = -q**3 + 5*q**2 + 3*q + 7. Let b be d(6). Let p = b + 15. What is the units digit of p - (0 + (-2)/(-1))?
2
Let j(b) be the third derivative of b**6/120 - b**5/10 + b**4/24 - b**3/6 - b**2. Let i be j(6). Suppose -4*m + i = m. What is the units digit of m?
1
Let h = 106 + -84. What is the tens digit of h?
2
Let c(g) = -g. Let p be 5 + ((-6)/(-3) - 5). Let m = p + -9. What is the units digit of c(m)?
7
Let v be -1*(0/(-4) + -3). Suppose 2*z - v*o + 5*o - 36 = 0, 2*z - 21 = 3*o. What is the tens digit of z?
1
Let m(d) = d**2 - 4*d. Let y be m(5). Suppose 36 - 1 = y*h + 4*s, 0 = -h + 5*s - 22. Suppose -4*i - 2 + 40 = h*c, 34 = 5*i - 3*c. What is the units digit of i?
8
Let k(h) = h**3 + 6*h**2 - h - 5. Let o be k(-6). Let y(f) = 25*f**3 - 2*f**2 + 1. What is the tens digit of y(o)?
2
Let v = -31 + 17. Let q = 26 + v. What is the tens digit of q?
1
Let j(n) = -n - 4. Let s(g) = 3*g + 13. Let v(x) = 17*j(x) + 6*s(x). Let z be v(-6). What is the units digit of z/18 + 7/9?
1
Let l(v) = -16*v + 1. Suppose -4*q = q + 5. What is the units digit of l(q)?
7
Let d(b) = b**3 - b**2 - 2*b + 1. Let k be d(1). Let f(l) = -6*l - 2. What is the units digit of f(k)?
4
Let f = 2 - -4. Suppose -13*q = -10*q + 12. Let s = f + q. What is the units digit of s?
2
Suppose 0 = -0*x + x - 4. Suppose 7*r = 3*r - 4. What is the units digit of r/4 - (-37)/x?
9
Suppose -4*j = 20, 3*c - 2*c = 3*j + 17. Suppose c*b = -4*r + 2*r + 18, -5*b + 3*r + 21 = 0. What is the units digit of b?
6
Suppose -5*s + 7 + 3 = 0. Suppose -h = -2*t - 3*h + 30, s*t - 18 = 4*h. What is the tens digit of t?
1
Let z be 1*12/4 - 7. Let i = z - -8. What is the units digit of i?
4
Let j be 6 - (-1 + 2 - -1). Let x = j - 2. What is the units digit of x?
2
Let u = -7 - -28. Let n = -5 + u. What is the units digit of n?
6
Let h = 16 + 84. Suppose -12 = -4*p, -7*p = -5*m - 2*p + h. What is the units digit of m?
3
Suppose 0*n = -4*n - 5*u - 4, -3*n + 4*u = -28. Suppose -20 = -n*j, -4*k + 3 = -5*k + 2*j. What is the units digit of k?
7
Let d = -6 + 8. Let y(s) = -s**2 + 3 + 0 - d + 2 - 5*s. What is the units digit of y(-5)?
3
Suppose 0 = p - 5*p. Suppose p = -c + 3*r + 47, 3*c + r = 2*r + 133. What is the units digit of c?
4
Let z(n) = 90*n - 26. What is the hundreds digit of z(2)?
1
Let h = 158 - -15. What is the hundreds digit of h?
1
Suppose 0*l - l + 28 = 0. What is the units digit of l?
8
Suppose l + 2*l - 18 = 0. Let y(u) = -u**3 + 7*u**2 - 4*u - 5. What is the units digit of y(l)?
7
Let u(y) = -3*y - 8. Let g(r) = -2*r - 5. Let m(s) = 8*g(s) - 5*u(s). Let p(b) = 6*b + 2. Let q(c) = -5*m(c) - p(c). What is the units digit of q(-7)?
5
Let y(a) = -a**2 - 3*a - 2. Let p be y(-2). Suppose -h + i = -p*i + 10, 0 = i - 4. What is the units digit of 7 - (-1)/(3/h)?
5
Let a = -28 + 39. Let n = 23 - a. What is the units digit of n?
2
Let x(q) = 4*q - 4. What is the tens digit of x(10)?
3
Let g(i) = i**3 + i**2 + i + 51. Let d be g(0). Suppose -w + 3*b + d = 2*w, 2*w - b - 31 = 0. What is the units digit of w?
4
Let h = -36 + 77. What is the units digit of h?
1
Let y(r) = 19*r + 8. What is the hundreds digit of y(11)?
2
Suppose -5*h = -4*k - 26, 0 = -2*k + 2. What is the units digit of (2/h)/(7/63)?
3
What is the units digit of -2*((-156)/8 + 1)?
7
Suppose -3*y - 42 = -120. What is the tens digit of y?
2
Let h(s) = s - 1. Let l be h(5). Let j = 18 - 10. Let m = j - l. What is the units digit of m?
4
Let l(y) = -y**2 + 4*y + 2. Let k(d) = -6*d**2 + 24*d + 11. Let g(r) = -6*k(r) + 34*l(r). What is the units digit of g(6)?
6
Suppose -2*g = -3*g - 748. What is the tens digit of g/(-20) + (-2)/5?
3
Let g(h) = -2*h**3 - 10*h**2 + 3*h + 3. What is the units digit of g(-6)?
7
Let k = 200 - 104. What is the tens digit of k?
9
Suppose g - 80 = -3*g. What is the units digit of g?
0
Suppose -3*q - 3*q = -1170. What is the tens digit of q?
9
Suppose -4*z - 8 = -z + 4*k, 0 = z - 2*k - 4. Let d be (1 - z)*25 + 1. Suppose -3*c - x + 24 = 0, -d = 3*c - 5*c - 4*x. What is the units digit of c?
7
Let z(x) = 2*x - 4. Let p = 8 - 0. Suppose 0*